*j + 3*s + 249. What is the units digit of j?
8
What is the hundreds digit of (309*(-1)/(-2))/(7/126)?
7
Let o(f) = 72*f**2 + 27*f + 179. What is the tens digit of o(-8)?
7
Let a = -4 + 8. Let s be a/(-2)*(3 + -5). Suppose l + 2*m = 3*l - 36, 5*m = -s*l + 27. What is the tens digit of l?
1
Let i = 424 - 201. Let u = i + -87. What is the units digit of u?
6
Let w(i) = i**3 - 1. Let j be w(-1). What is the tens digit of ((-42)/15)/(j/40)?
5
What is the hundreds digit of 34*2390/60 + 4/(-3)?
3
Let f(l) = 2*l**2 + 22*l + 10. Let w(g) = 5*g + 44. Let s be w(-11). What is the tens digit of f(s)?
1
Let r = 3383 - 1316. What is the units digit of r?
7
Suppose 2 = p - 5*l + 18, -3*p = -5*l + 8. Suppose 267 = p*d + 5*h, 5*d - 380 = -2*h + 5*h. What is the units digit of d?
3
Let o = -252 - -95. Let k = o + 246. What is the tens digit of k?
8
Suppose -5*o = 2*f - 7864, -23*f - 6292 = -4*o - 25*f. What is the hundreds digit of o?
5
Let m be (14/21)/((14/(-12))/(-7)). What is the tens digit of 201/m + 10/(-40)?
5
Let l = 0 - -6. Let h(f) = -4 - 3 + l*f + 1 + 3. What is the units digit of h(4)?
1
What is the tens digit of 118 + 4*(0 + (-1)/(-4))?
1
What is the units digit of (36/54)/(3/((-3717)/(-2)))?
3
Let r(d) = 4 - 6*d - 6 - 8*d. Let p(z) = z**3 - 9*z**2 - 3. Let f be p(9). What is the units digit of r(f)?
0
Let n(g) = -86*g**3 + 0*g - 6*g + 3*g - 5 + 3. What is the tens digit of n(-1)?
8
Let k be 94/2 - 0/(-16). Suppose 5*w + t = -79, t + 8 = -3*w - 39. Let b = w + k. What is the tens digit of b?
3
Suppose 0 = 4*x - 0*x - 20. Suppose -2*s + x = -3. What is the units digit of s/(-14) + 2508/154?
6
Suppose 5*l = -3*s + 177, -l - 87 = -2*s + 44. Suppose 5 - 15 = -5*h. Suppose -h*g + s = -12. What is the tens digit of g?
3
Let h(b) = 163*b - 36. What is the hundreds digit of h(6)?
9
Suppose 65*v - 71*v = -9984. What is the units digit of v?
4
Suppose -5*a + 4*z + 9643 = 2823, 3*a = -4*z + 4124. What is the units digit of a?
8
Suppose 3*k = 3*r + k - 44, 5*r - 3*k - 72 = 0. Suppose -9*g + r*g = 294. What is the units digit of g?
8
Suppose -2*w - 5*r + 844 = 0, 0 = w - 7*r + 6*r - 408. What is the tens digit of w?
1
Suppose 5*x = -5*x + 2060. Let i = x - 111. What is the units digit of i?
5
Let t(j) = -j**3 + 3*j**2 + 4*j + 5. Suppose 0*i = 4*i - 24. Let m be ((-3)/(-2))/(i/16). What is the units digit of t(m)?
5
Let z be 2/(-2) - (-6 + -11). Suppose -17*f = -z*f - 4. Suppose 4*o - 236 = -4*h, 0 = f*h - 0*o + 2*o - 244. What is the tens digit of h?
6
What is the hundreds digit of 489*(3 + -5)*3/(-6)?
4
Let j(a) = -a**2 + 3*a + 1578. What is the thousands digit of j(0)?
1
Let f(p) = -p + 31. Let a be f(-24). Suppose -3*h - a = -4*h. What is the units digit of h?
5
Suppose 2 = 5*y + 4*p - 20, 0 = -2*y - 4*p + 16. Suppose l + 6 = 4*s + 39, -2*l + 76 = y*s. What is the tens digit of l?
3
Let f be (-2 + 6)*(2 - 1). Suppose 0 = h + f, 2*z + 5*h + 3 = -17. Suppose z = -6*d + 3*d + 105. What is the units digit of d?
5
Let n(l) = -l**2 + 3*l + 4. Let k be n(4). Suppose k*m = 3*m + 6, 3*z - 26 = -2*m. Suppose 6*p - z*p + 80 = 0. What is the tens digit of p?
2
Suppose 4*v = -41 - 47. Let y be 10*((-15)/6 - 1). Let s = v - y. What is the units digit of s?
3
Let x = 10 + -4. What is the tens digit of (-15)/9 + 1 - (-1510)/x?
5
Suppose 0 = q + 3*d - 1485, 1354 = q - 3*d - 113. What is the units digit of q?
6
Suppose 10*t - 6970 - 610 = 0. What is the hundreds digit of t?
7
Suppose -2*u - 28 = -h, 179 - 71 = 4*h - 4*u. Suppose h + 52 = p + 2*v, 0 = 3*p - 4*v - 244. Suppose 4*f - p = 2*f. What is the units digit of f?
0
Let k(t) = t**3 - 7*t**2 - 6*t - 8. Let q be k(6). Let l = 39 - q. What is the units digit of l/28 - (-1)/(-4)?
4
Let y(a) be the first derivative of -a**4/4 + 13*a**3/3 + 9*a**2/2 + 43*a - 38. What is the tens digit of y(13)?
6
Suppose 5*m = -2*f + 821, -5*f + 1564 + 451 = 5*m. What is the hundreds digit of f?
3
Let t = -19 - -10. Let y = t + 13. Suppose -4*q + q = -y*g - 45, q - 15 = -g. What is the tens digit of q?
1
Let x = 75 + -73. Suppose a = -t + 134, x*t - 3*t - 406 = -3*a. What is the hundreds digit of a?
1
Let d(f) = 12*f**2 + 142. What is the tens digit of d(0)?
4
Let l(k) = -50*k - 505. What is the hundreds digit of l(-14)?
1
Suppose 0 = 51*u + 12298 - 125824. What is the hundreds digit of u?
2
Let d = -243 + 481. Let p be 8/(-40) - d/10. Let u = 37 + p. What is the units digit of u?
3
Suppose 4*g = -2*b - 208, -4*g + b - 200 = -b. Let s be (-67)/2 + (104/16)/(-13). Let j = s - g. What is the tens digit of j?
1
Let k be (-2 + (-14)/(-6))*15. Suppose -4*v + 21 = p, -5*p + v = k*v - 25. Suppose 3*f = o - p, -5*f + 5 = 5*o - f. What is the units digit of o?
1
Let c be 13 + (-3 - -6 - 6) + -2. Suppose -p - 952 = -c*p. What is the hundreds digit of p?
1
Let w = 857 + -307. What is the units digit of w?
0
Suppose -t = -5*x + 10*x - 212, -4*t = -2*x - 914. What is the tens digit of t?
2
Let z(c) = 880*c - 54. What is the tens digit of z(3)?
8
Let f(m) = -18*m**3 + 2*m - 2. Let x be f(-3). Let j = x + -236. What is the tens digit of 2/(-8) - j/(-8)?
3
Let g be 1/(-4) + 29904/64. Suppose -468 = -5*i + g. What is the tens digit of i?
8
Let r = 1881 - 224. What is the thousands digit of r?
1
Let u(o) be the second derivative of 3*o**3/2 - 6*o**2 - 59*o. What is the units digit of u(5)?
3
Suppose -3*a = -a - 24. Suppose 13*f - 15 = a*f. What is the units digit of f?
5
Suppose 95*p - 90*p = 10. What is the tens digit of -6*((-92)/8 + p)?
5
Suppose -3*n = -13 + 4. Suppose -6*q = -n*q - 210. Suppose -3*k + 8*k - q = 0. What is the tens digit of k?
1
Suppose w + 5*h = 17, 4*h = 3*w + 2*w + 2. Suppose 3*v - 211 = -t, -5*t + v = -w*t - 653. What is the units digit of t?
7
Suppose 3*v = 3*x + 21, -5*v - 4*x + 29 = -3*x. Let u = -1 - v. Let c = -2 - u. What is the units digit of c?
5
Let g = 89 - 87. Suppose -3*x + 114 = t, 0 = -4*x + g*t - 0*t + 152. What is the tens digit of x?
3
Let j(t) = -10*t + 21. What is the tens digit of j(-4)?
6
Suppose -1551 = -i + 89. What is the tens digit of i/32 + (-1)/4?
5
Suppose -w + 2*f - 1 = -9, -3*f - 19 = -5*w. Suppose -5*b - w*r = -3*r - 127, 5*r = 15. What is the tens digit of b?
2
Suppose 0*f = -2*t - 4*f + 98, -3*t + 5*f = -191. Suppose -246 = -3*m - t. What is the tens digit of m?
6
Let u(t) = 6*t. Let q be u(1). Let z be 1942/14 + q/21. Suppose z = 5*h - 5*m + 3*m, 3*h = 4*m + 75. What is the tens digit of h?
2
Let s = 79 + -52. What is the units digit of s?
7
Let v(h) = 2*h**3 - 17*h**2 + 27*h - 57. Let l be v(7). Let m(x) = -x**3 + x + 30. Let i be m(0). What is the units digit of (-6)/i + (-93)/l?
6
Let g(p) = -4*p - 21. Let q(o) = o**3 + 8*o**2 + 13*o - 6. Let t be q(-6). What is the tens digit of g(t)?
2
Let b = -46 + 54. Suppose -11*w = -b*w - 177. What is the tens digit of w?
5
Suppose -2*a - 286 = 4*c - 6*c, c - 5*a - 163 = 0. What is the units digit of c?
8
Let n(o) = -o**3 + 6*o**2 + 4*o - 6. Let p = 14 + -10. Suppose -p = 4*w - 28. What is the units digit of n(w)?
8
Let x = 3 - -1. Let w = -1 + x. Suppose -w*a + 5*n = -72, 2*n + 24 = 3*a - 39. What is the units digit of a?
9
Let l(f) = f**3 + 14*f**2 - f + 5. Let z be l(-14). Suppose -z*c = -15*c - 420. What is the units digit of c?
5
Let w(z) be the first derivative of 2*z**3/3 - 9*z**2/2 - 2*z - 1. Let j be ((-84)/(-36))/((-2)/(-6)). What is the units digit of w(j)?
3
Suppose -k + 867 = -1. What is the tens digit of k?
6
Suppose -2*w + 3*w - 2 = 0. Suppose -4*j - n + 12 + 44 = 0, -w*j - 2*n + 28 = 0. What is the units digit of (-2)/(-8) + j/8?
2
Let k(w) = 3*w**3 + 2*w**2 - 3*w + 3. Let o be k(2). Suppose 2*y = -4*x - x - 48, 3*x = -y - o. Let s = x + 19. What is the units digit of s?
9
Suppose -7*t - 1320 = -11*t. Suppose 4*a = -2*a + t. What is the units digit of a?
5
Let k(u) = -142*u - 106. What is the tens digit of k(-42)?
5
Let i = -295 + 651. Suppose 5*h = i - 101. What is the tens digit of h?
5
Let q(m) = -21546*m + 21546*m - m**3 - 5 + 8*m**2. Suppose 6*x - 3 = 2*x - 5*w, -3*w = 5*x - 20. What is the tens digit of q(x)?
4
Suppose -6*m = -8 - 16. What is the hundreds digit of (-198 + 1)*(-2 - -5 - m)?
1
Let a be 8/12 + 31/3. Suppose 7*q - 72 = a*q. What is the units digit of -2*(2 - q/(-4))?
5
Suppose 29*p - 7*p = 6226. What is the units digit o